 = 162 + -134. Calculate the greatest common divisor of b and 21.
7
Suppose -4*k = 5*r - 80, 2*r = k + 25 + 20. Let z be r*(20/25 + 0). Calculate the greatest common factor of 16 and z.
16
Let u = -49 - -95. Suppose z + 2*k = 48, -4*z - k + 118 + u = 0. What is the highest common divisor of z and 120?
40
Suppose 3*w - 144 = -6*w. What is the greatest common factor of w and 272?
16
Suppose 162*w - 173*w = -22. Calculate the highest common factor of w and 23.
1
Suppose -14 = -i - 4*q + 3, 5*q = 15. Suppose 0*t + 2*d + 56 = 4*t, i*t = -d + 70. What is the greatest common divisor of t and 112?
14
Suppose -164 = -9*u + 484. Suppose -k = -61 - 66. Let h = k - u. Calculate the greatest common factor of h and 11.
11
Let h be (1 - 0) + 2 + 37. Suppose 8 = -4*z + h. Calculate the greatest common divisor of z and 8.
8
Let k(q) = -q**3 + 5*q**2 - 5*q + 8. Let w(a) = a**2 - 6*a - 3. Let u be w(7). Let o be k(u). What is the highest common divisor of 12 and o?
4
Let h(w) = -w**2 - 7*w - 2. Let f be h(-6). Suppose 256 + 184 = -f*o. Let k be -1 - ((o - 1) + 0). What is the greatest common divisor of 22 and k?
22
Let g(w) = -w + 1. Let r(u) = 9*u + 18. Let z(q) = -2*g(q) + r(q). Let j be z(4). What is the greatest common factor of 15 and j?
15
Suppose -5*h = a - 28, -a + 0 - 12 = -5*h. What is the highest common factor of 424 and a?
8
Suppose 32*m - 3*m = 870. What is the highest common factor of 270 and m?
30
Let k = -70 - -15. Let u = k + 58. Let x = 3 - 2. Calculate the greatest common divisor of x and u.
1
Let q(f) = f**2 - 3*f - 1. Let w be q(3). Let v be (16 + (3 - 4))/w. Let g = 62 - v. What is the highest common divisor of g and 7?
7
Suppose 4*y - 6 + 22 = 0. Let r = 7 + y. Suppose 0*o = r*o - 72. What is the highest common divisor of 6 and o?
6
Let c = -2209 - -2218. Calculate the highest common divisor of c and 1251.
9
Let o be 12/42 - 110/(-7). Let b(f) = -10*f - 476. Let l be b(-48). Calculate the highest common factor of o and l.
4
Suppose 290 = 2*m + 3*m. Let s = -36 + m. Suppose 338 + 58 = 3*l. Calculate the highest common divisor of s and l.
22
Let z = 518 - 118. What is the greatest common divisor of z and 80?
80
Let y(b) = 8*b. Let x be y(3). Let q = -12 - -15. Suppose 4*j + 4 = 0, 8*s - q*s - 3*j - 83 = 0. Calculate the highest common divisor of x and s.
8
Let a = 267 - 105. Calculate the greatest common factor of a and 891.
81
Suppose -5*r + 96 = l - 95, 0 = l - 5*r - 151. What is the greatest common factor of l and 285?
57
Let s(n) = 4*n + 5. Let h(q) = -2*q**2 + 18*q - 1. Let o be h(9). Let c be s(o). Calculate the highest common divisor of 1 and c.
1
Let h = -160 + 234. What is the greatest common divisor of h and 1406?
74
Let l(z) = -2*z**2 - 38*z - 57. Let w be l(-16). Calculate the highest common divisor of 221 and w.
13
Suppose 283*t - 7296 = 275*t. What is the highest common factor of t and 96?
48
Let r be (-2)/((-6)/75) - -1. What is the highest common factor of r and 4?
2
Suppose 0 = 20*p + 1892 - 14292. What is the greatest common factor of p and 20?
20
Suppose 5*h = -f + 436, 3*h = f - 676 + 256. Calculate the greatest common divisor of 284 and f.
142
Let s = 34 - -11. Let v(u) = -u**2 + 11*u - 10. Let i be v(7). What is the greatest common divisor of s and i?
9
Let k be 15*(-40)/(-30) - 8. What is the highest common factor of k and 108?
12
Suppose -7 = -l + 8. Let v be ((-30)/(-4))/((-24)/(-48)). What is the greatest common divisor of v and l?
15
Let i = -170 - -179. What is the highest common factor of i and 1017?
9
Let g(h) = -4*h + 92. Let a be g(16). Calculate the greatest common factor of a and 196.
28
Suppose -336 - 273 = -29*l. What is the greatest common divisor of l and 84?
21
Let k be 37/2 - 6/12. Suppose k = -2*d - 2*f, -d = 3*d + 3*f + 38. Let y = d + 19. Calculate the greatest common divisor of 16 and y.
8
Suppose -370 = -3*r + 80. Suppose -u = -3*u - 2*x + r, -3*u = x - 235. Calculate the greatest common divisor of u and 10.
10
Let k be (204/(-9))/((-15)/20) - (-32)/(-144). Suppose 0 = 5*o - 3*o + 3*n - 26, -28 = -3*o + n. What is the highest common factor of o and k?
10
Suppose 66 = 3*n - 2*n + 3*r, -186 = -3*n + 3*r. Suppose 2*c + 28 = 2*x, -x - 29 = -2*x + 4*c. What is the greatest common factor of n and x?
9
Let u be -5 + ((-9)/(-6))/((-4)/(-56)). Calculate the highest common divisor of 144 and u.
16
Suppose 12*m - 240 = 8*m. Suppose -750 = 3*q + 2*q. Let g be q/(-4)*8/10. What is the greatest common divisor of m and g?
30
Let z = 661 - 53. What is the greatest common divisor of z and 19?
19
Suppose 0 = 13*o - 239 - 125. Suppose 4*z + 372 = 2*g, 5*g - 1000 = -2*z - 2*z. What is the highest common factor of g and o?
28
Suppose -867 - 805 = 22*q. Let o = -71 - q. Let m(c) = -45*c**3 - c**2 + 1. Let r be m(-1). Calculate the highest common divisor of o and r.
5
Let h = -172 - -199. Calculate the highest common factor of h and 36.
9
Suppose 4*t - 75 = -5*b, 0 = 2*b - 3*t + 7*t - 18. Calculate the greatest common divisor of b and 589.
19
Suppose -o - m = -3*o - 283, 0 = 4*o + m + 551. Let y = 236 - 441. Let u = o - y. What is the highest common factor of 44 and u?
22
Suppose -q - 6 - 9 = 0. Let i = 47 + q. Let p be (-3)/18 - (-962)/12. Calculate the highest common factor of i and p.
16
Let n = 381 + -362. Suppose -4*g - 5*d = -0*g - 289, 155 = 2*g - d. Calculate the greatest common factor of g and n.
19
Let k(g) = -g**2 - 3*g + 24. Let b be k(-7). Let s(m) = 22*m**2 + 16*m - 2. Let o be s(b). What is the greatest common divisor of o and 26?
26
Let s(z) = -2*z - 3. Let k be s(-3). Suppose k*c - 960 = -2*c. Suppose -4*q - 5 = 5*t - c, 3*t - 237 = -5*q. What is the greatest common factor of 12 and q?
12
Let i be 3 + 33/(-12) + (-1724)/(-16). Calculate the greatest common factor of i and 8.
4
Let s(t) = t**2 + t - 7. Let a be s(12). Let l = 67 + a. Calculate the highest common divisor of l and 27.
27
Let g be 30/3*(-3)/(-5). Let y be (-16)/6*(0 + g). Let c be ((-510)/(-40))/((-2)/y). What is the highest common factor of 34 and c?
34
Suppose -16*q + 1470 - 190 = 0. Let y be 2/(-8)*-10*24. Calculate the highest common divisor of y and q.
20
Suppose 2*v = -3*f + 6*v - 11, 4*v - 35 = -5*f. What is the highest common factor of f and 159?
3
Let m be 251/2 - -8*(-9)/144. What is the greatest common divisor of 50 and m?
25
Let q be 7/((-63)/(-28) + -2). What is the highest common divisor of 21 and q?
7
Let s = -30 + 51. Let m(h) = h**3 - 6*h**2 + 2*h - 4. Let l be m(5). Let t = s + l. What is the highest common divisor of t and 6?
2
Suppose 3*g = -5*m + 3, m = 3*g + 10 + 5. Suppose -m*i = -62 + 23. Calculate the greatest common divisor of 117 and i.
13
Let o = 6 - -1. Suppose 2*t + 2*y - 64 = 58, -136 = -2*t + 5*y. Suppose -7*p = 2*p - t. Calculate the highest common factor of o and p.
7
Let y be (2/(-3))/((-3)/90). Let t be (-28)/(6 + 1)*5/(-4). What is the greatest common divisor of t and y?
5
Let i be 124/(-20) + (-8)/10. Let r(o) = -5*o + 15. Let c be r(i). Let l = -14 + c. Calculate the greatest common divisor of 4 and l.
4
Let c be 22761/24 + 27/(-72) - 5. What is the highest common factor of c and 123?
41
Suppose 0 = -2*q + 2, -q - 647 = -0*w + 3*w. Let g be -7*2/3*w/48. What is the highest common divisor of 63 and g?
21
Let k be (-1 - 3 - -1) + 19. Suppose 0*y = -3*y + 30. Let a = k - y. What is the greatest common factor of 2 and a?
2
Let w(f) = f**2 + f - 10. Let d be w(-8). What is the highest common factor of d and 253?
23
Let q be (-7*9)/(-3)*1. What is the highest common factor of q and 6?
3
Let g be 1/((-4)/68) - -3. Let n = 21 + g. Suppose 0 = 2*x - n*x + 35. Calculate the highest common divisor of x and 49.
7
Let i(x) = -10*x - 3. Let u(v) = 5*v + 2. Let a(h) = -2*i(h) - 5*u(h). Let t be a(-5). What is the greatest common factor of t and 84?
21
Let z(m) = -m**2 - 11*m + 16. Let n be z(-8). Let d = n + -14. Suppose -o - 702 = -4*o. What is the highest common divisor of d and o?
26
Suppose 0 = 6*z - 11*z + 30. Let m = -36 - -48. Calculate the highest common factor of z and m.
6
Let z(d) = -d**3 - 6*d**2 - 2*d + 7. Let p be z(-6). Suppose k - 37 = -p. Calculate the greatest common factor of k and 90.
18
Let c = 342 + -305. What is the greatest common factor of c and 111?
37
Let k be (-3)/(-4)*(8 - 4/1). Supp